e 6
-425
-4 (base 15) to base 4
-10
Convert 38 (base 15) to base 12.
45
Convert -110022 (base 3) to base 15.
-172
Convert -34 (base 5) to base 11.
-18
What is -123 (base 4) in base 11?
-25
What is 46 (base 9) in base 11?
39
Convert a (base 13) to base 15.
a
What is -7 (base 15) in base 11?
-7
What is 3 (base 13) in base 11?
3
Convert -10 (base 3) to base 6.
-3
What is -c (base 13) in base 7?
-15
63 (base 14) to base 10
87
10201 (base 3) to base 11
91
What is -1 (base 3) in base 13?
-1
-2 (base 12) to base 9
-2
What is -2 (base 14) in base 12?
-2
What is 12a (base 16) in base 14?
174
3 (base 7) to base 3
10
What is -34 (base 6) in base 9?
-24
What is 64 (base 9) in base 11?
53
Convert -222 (base 5) to base 3.
-2022
61 (base 10) to base 6
141
1 (base 9) to base 3
1
Convert 19 (base 12) to base 13.
18
Convert -4 (base 5) to base 6.
-4
-10 (base 7) to base 4
-13
Convert -101001 (base 2) to base 6.
-105
Convert -64 (base 9) to base 15.
-3d
What is -14 (base 6) in base 10?
-10
9e (base 15) to base 13
b6
Convert e (base 16) to base 7.
20
-3 (base 5) to base 6
-3
-17 (base 15) to base 2
-10110
Convert -1 (base 10) to base 3.
-1
Convert 10 (base 10) to base 6.
14
What is -5c (base 14) in base 10?
-82
What is 1 (base 13) in base 2?
1
Convert -20 (base 15) to base 2.
-11110
Convert 4 (base 12) to base 3.
11
118 (base 9) to base 2
1100010
Convert 19b (base 12) to base 3.
100202
What is 14 (base 7) in base 3?
102
-5 (base 7) to base 15
-5
What is 24 (base 9) in base 4?
112
Convert 22 (base 5) to base 6.
20
24 (base 12) to base 14
20
Convert -21 (base 4) to base 7.
-12
0 (base 10) to base 16
0
Convert 11110 (base 2) to base 5.
110
What is 14 (base 5) in base 8?
11
Convert 1 (base 15) to base 5.
1
What is -11 (base 2) in base 7?
-3
Convert 13 (base 12) to base 10.
15
What is 111 (base 3) in base 5?
23
Convert 12 (base 10) to base 14.
c
What is 43 (base 9) in base 7?
54
Convert -3 (base 6) to base 15.
-3
Convert -86 (base 10) to base 2.
-1010110
What is -2 (base 7) in base 12?
-2
What is 4 (base 6) in base 5?
4
What is -9 (base 10) in base 15?
-9
Convert -15 (base 16) to base 12.
-19
What is -2 (base 14) in base 11?
-2
510 (base 8) to base 7
646
Convert 101 (base 3) to base 15.
a
What is -4c (base 15) in base 2?
-1001000
Convert 55 (base 13) to base 7.
130
What is -131 (base 10) in base 14?
-95
What is -101111 (base 2) in base 5?
-142
Convert -11 (base 2) to base 11.
-3
Convert 101 (base 13) to base 12.
122
-16 (base 13) to base 7
-25
-32 (base 8) to base 2
-11010
What is -99 (base 10) in base 5?
-344
-22 (base 16) to base 7
-46
Convert -1 (base 16) to base 2.
-1
Convert 3 (base 8) to base 7.
3
0 (base 11) to base 3
0
Convert -2 (base 9) to base 7.
-2
-86 (base 11) to base 13
-73
Convert 51 (base 15) to base 16.
4c
Convert -11 (base 6) to base 15.
-7
What is 102 (base 3) in base 16?
b
What is 48 (base 10) in base 7?
66
What is -140 (base 8) in base 7?
-165
Convert -4 (base 5) to base 9.
-4
What is -15 (base 11) in base 12?
-14
What is 1 (base 14) in base 15?
1
What is -42 (base 10) in base 11?
-39
What is 2 (base 4) in base 6?
2
Convert -1 (base 3) to base 10.
-1
What is 67 (base 9) in base 6?
141
What is -9a (base 15) in base 14?
-a5
1d (base 16) to base 6
45
Convert -4 (base 10) to base 4.
-10
What is 24 (base 11) in base 5?
101
What is -11 (base 8) in base 9?
-10
What is f (base 16) in base 4?
33
What is -10011000 (base 2) in base 13?
-b9
Convert -10b (base 15) to base 12.
-178
What is a (base 11) in base 13?
a
What is c (base 14) in base 9?
13
Convert 34 (base 8) to base 10.
28
167 (base 11) to base 7
365
-102 (base 13) to base 3
-20100
Convert 30 (base 7) to base 9.
23
What is -1a (base 15) in base 3?
-221
What is -49 (base 10) in base 16?
-31
What is -1 (base 13) in base 14?
-1
2d (base 16) to base 14
33
What is 5 (base 11) in base 6?
5
Convert 10010 (base 2) to base 14.
14
7 (base 10) to base 5
12
47 (base 10) to base 14
35
Convert -41 (base 16) to base 14.
-49
-23 (base 10) to base 15
-18
2c (base 16) to base 7
62
Convert 48 (base 11) to base 4.
310
What is 145 (base 7) in base 13?
64
What is -1310 (base 6) in base 14?
-198
-3 (base 5) to base 11
-3
Convert 21 (base 3) to base 13.
7
-4 (base 9) to base 14
-4
What is 1111011 (base 2) in base 5?
443
Convert 0 (base 16) to base 8.
0
Convert -1412 (base 5) to base 10.
-232
Convert 30 (base 16) to base 12.
40
Convert -11 (base 9) to base 5.
-20
What is 1 (base 10) in base 9?
1
Convert 61 (base 16) to base 5.
342
Convert -12 (base 4) to base 11.
-6
-44 (base 7) to base 5
-112
Convert 2 (base 10) to base 11.
2
2 (base 12) to base 8
2
What is 42 (base 12) in base 10?
50
Convert -1001 (base 5) to base 7.
-240
Convert 10 (base 8) to base 3.
22
Convert -a (base 11) to base 4.
-22
What is 12 (base 5) in base 8?
7
2 (base 9) to base 5
2
Convert 133 (base 4) to base 8.
37
What is 0 (base 12) in base 16?
0
-35 (base 16) to base 6
-125
Convert -11302 (base 4) to base 16.
-172
Convert 303 (base 9) to base 6.
1050
What is -2 (base 3) in base 7?
-2
Convert 2031 (base 5) to base 14.
150
What is 8 (base 10) in base 15?
8
-12 (base 6) to base 3
-22
What is -4 (base 12) in base 5?
-4
Convert 67 (base 16) to base 6.
251
Convert 132 (base 9) to base 11.
a0
Convert 100110 (base 2) to base 7.
53
What is 1 (base 7) in base 6?
1
Convert 110 (base 9) to base 5.
330
Convert 56 (base 16) to base 9.
105
13 (base 5) to base 10
8
Convert 105 (base 8) to base 3.
2120
What is 10100110 (base 2) in base 11?
141
What is 11 (base 4) in base 12?
5
550 (base 6) to base 11
181
What is -5 (base 6) in base 11?
-5
4 (base 9) to base 6
4
What is -316 (base 7) in base 15?
-aa
What is d (base 15) in base 2?
1101
-32 (base 4) to base 7
-20
Convert -11 (base 12) to base 13.
-10
Convert 1 (base 10) to base 15.
1
What is 106 (base 9) in base 3?
10020
What is 0 (base 2) in base 16?
0
-14 (base 11) to base 7
-21
What is 6 (base 11) in base 14?
6
What is -46 (base 10) in base 15?
-31
What is -66 (base 9) in base 14?
-44
Convert -49 (base 10) to base 11.
-45
Convert 13 (base 12) to base 7.
21
Convert 9 (base 12) to base 11.
9
What is -6 (base 13) in base 12?
-6
12 (base 9) to base 11
10
-121 (base 3) to base 10
-16
What is 12 (base 6) in base 10?
8
Convert 11000 (base 3) to base 7.
213
Convert -7 (base 16) to base 2.
-111
Convert -2044 (base 5) to base 8.
-422
Convert 2 (base 13) to base 14.
2
39 (base 14) to base 5
201
Convert -1 (base 9) to base 4.
-1
Convert 10 (base 2) to base 12.
2
-12 (base 15) to base 2
-10001
What is -33 (base 12) in base 4?
-213
Convert -4 (base 6) to base 3.
-11
What is -21 (base 5) in base 16?
-b
Convert -17 (base 14) to base 6.
-33
What is -36 (base 11) in base 16?
-27
Convert 251 (base 6) to base 10.
103
What is b9 (base 12) in base 2?
10001101
Convert -1 (base 12) to base 10.
-1
Convert 4 (base 13) to base 12.
4
What is 77 (base 12) in base 2?
1011011
-3 (base 15) to base 3
-10
Convert 3 (base 9) to base 15.
3
Convert 2 (base 9) to base 3.
2
9 (base 10) to base 5
14
What is -1 (base 8) in base 15?
-1
Convert 14 (base 8) to base 3.
110
Convert 0 (base 12) to base 13.
0
-2 (base 13) to base 4
-2
45 (base 6) to base 14
21
What is 0 (base 11) in base 13?
0
What is -7 (base 8) in base 2?
-111
2 (base 12) to base 2
10
What is 20 (base 15) in base 6?
50
What is 20 (base 6) in base 9?
13
What is -100021 (base 3) in base 16?
-fa
What is 0 (base 10) in base 8?
0
5 (base 8) to base 10
5
Convert 26 (base 7) to base 6.
32
What is 6 (base 8) in base 10?
6
What is -24 (base 6) in base 7?
-22
Convert -84 (base 13) to base 11.
-99
-3 (base 11) to base 7
-3
-8 (base 14) to base 13
-8
Convert 2 (base 12) to base 2.
10
131 (base 9) to base 16
6d
What is -43 (base 8) in base 3?
-1022
What is 3 (base 12) in base 6?
3
-29 (base 12) to base 16
-21
What is -6 (base 16) in base 11?
-6
-56 (base 9) to base 2
-110011
What is 10 (base 2) in base 6?
2
What is 1001 (base 2) in base 6?
13
Convert -2 (base 12) to base 8.
-2
What is -15 (base 8) in base 5?
-23
Convert -4 (base 14) to base 12.
-4
What is 3 (base 15) in base 8?
3
-11 (base 5) to base 14
-6
Convert -b1 (base 13) to base 9.
-170
0 (base 8) to base 10
0
2 (base 13) to base 15
2
What is 102 (base 5) in base 8?
33
Convert a (base 14) to base 12.
a
Convert 2020 (base 3) to base 7.
114
Convert 164 